{"id":64,"date":"2020-08-26T12:32:24","date_gmt":"2020-08-26T15:32:24","guid":{"rendered":"http:\/\/rebes.cf\/?page_id=64"},"modified":"2020-09-25T18:27:57","modified_gmt":"2020-09-25T21:27:57","slug":"reuniones-de-integrantes-de-la-red","status":"publish","type":"page","link":"https:\/\/rebes.cf\/index.php\/reuniones-de-integrantes-de-la-red\/","title":{"rendered":"Reuniones de Integrantes de la red"},"content":{"rendered":"\n<p class=\"has-text-align-center\"><strong>En esta secci\u00f3n vamos a ir publicando las reuniones organizativas de la red<\/strong><\/p>\n\n\n<p><strong>Tercera reuni\u00f3n ReBES 26\/082020<\/strong><\/p>\n\n\n<iframe loading=\"lazy\" width=\"560\" height=\"315\" src=\"https:\/\/www.youtube.com\/embed\/ADQ051f29Ug\" frameborder=\"0\" allow=\"accelerometer; autoplay; encrypted-media; gyroscope; picture-in-picture\" allowfullscreen=\"\"><\/iframe>\n\n\n<p><\/p>\n<pre class=\"ndfHFb-c4YZDc-fmcmS-DARUcf\"><strong>Chat de la reuni\u00f3n<\/strong><br><br>00:01:27.903,00:01:30.903\nSandra Nieto Kenal: Buenos d\u00edas, disculpas la demora\n\n00:01:41.519,00:01:44.519\nGabriel Adri\u00e1n Arga\u00f1araz: Buenos dias\n\n00:02:17.016,00:02:20.016\nSilvia E. Guevara: Buenos dias\n\n00:02:43.271,00:02:46.271\nMarcelo Horacio Gonz\u00e1lez Bertone: Buen d\u00eda para tod@s\n\n00:06:32.736,00:06:35.736\nCarina Carvelli: si\n\n00:13:54.288,00:13:57.288\nCarina Carvelli: no\n\n00:18:11.384,00:18:14.384\nSandra Nieto Kenal: Si es wordpress, me anoto. Estoy experimentando con la web de la escuela\n\n00:20:14.306,00:20:17.306\nCarina Carvelli: si, me parece bien\n\n00:36:47.307,00:36:50.307\nCarina Carvelli: no funciona el micr\u00f3fono en mi compu\n\n00:43:55.206,00:43:58.206\nGuille Diedrichs: Si quieren puedo ayudar a redactar objetivos, misi\u00f3n o vision\n\n00:45:32.475,00:45:35.475\nGuille Diedrichs: Ok Karen\n<\/pre>\n\n<p><strong>Cuarta reuni\u00f3n ReBES 25\/09\/2020<\/strong><\/p>\n\n\n<iframe loading=\"lazy\" width=\"560\" height=\"315\" src=\"https:\/\/www.youtube.com\/embed\/FYE7NoUGA14\" frameborder=\"0\" allow=\"accelerometer; autoplay; clipboard-write; encrypted-media; gyroscope; picture-in-picture\" allowfullscreen><\/iframe>\n\n\n\n<p><\/p>\n","protected":false},"excerpt":{"rendered":"<p>En esta secci\u00f3n vamos a ir publicando las reuniones organizativas de la red Tercera reuni\u00f3n ReBES 26\/082020 Chat de la reuni\u00f3n00:01:27.903,00:01:30.903 Sandra Nieto Kenal: Buenos d\u00edas, disculpas la demora 00:01:41.519,00:01:44.519 Gabriel Adri\u00e1n Arga\u00f1araz: Buenos dias 00:02:17.016,00:02:20.016 Silvia E. Guevara: Buenos dias 00:02:43.271,00:02:46.271 Marcelo Horacio Gonz\u00e1lez Bertone: Buen d\u00eda para tod@s 00:06:32.736,00:06:35.736 Carina Carvelli: si 00:13:54.288,00:13:57.288 &#8230; <a title=\"Reuniones de Integrantes de la red\" class=\"read-more\" href=\"https:\/\/rebes.cf\/index.php\/reuniones-de-integrantes-de-la-red\/\">Leer m\u00e1s <span class=\"screen-reader-text\">Reuniones de Integrantes de la red<\/span><\/a><\/p>\n","protected":false},"author":1,"featured_media":0,"parent":0,"menu_order":0,"comment_status":"closed","ping_status":"closed","template":"","meta":{"footnotes":""},"class_list":["post-64","page","type-page","status-publish"],"_links":{"self":[{"href":"https:\/\/rebes.cf\/index.php\/wp-json\/wp\/v2\/pages\/64","targetHints":{"allow":["GET"]}}],"collection":[{"href":"https:\/\/rebes.cf\/index.php\/wp-json\/wp\/v2\/pages"}],"about":[{"href":"https:\/\/rebes.cf\/index.php\/wp-json\/wp\/v2\/types\/page"}],"author":[{"embeddable":true,"href":"https:\/\/rebes.cf\/index.php\/wp-json\/wp\/v2\/users\/1"}],"replies":[{"embeddable":true,"href":"https:\/\/rebes.cf\/index.php\/wp-json\/wp\/v2\/comments?post=64"}],"version-history":[{"count":5,"href":"https:\/\/rebes.cf\/index.php\/wp-json\/wp\/v2\/pages\/64\/revisions"}],"predecessor-version":[{"id":81,"href":"https:\/\/rebes.cf\/index.php\/wp-json\/wp\/v2\/pages\/64\/revisions\/81"}],"wp:attachment":[{"href":"https:\/\/rebes.cf\/index.php\/wp-json\/wp\/v2\/media?parent=64"}],"curies":[{"name":"wp","href":"https:\/\/api.w.org\/{rel}","templated":true}]}}